- 183, -4*s - i = -241. Suppose 3*n = -c + s, c + 38 = 2*n + 3. What are the prime factors of n?
19
Suppose -5*b = -3*v, 6*b + 4*v = b. Suppose b*u + 2*u - 62 = -2*a, 4*u + a = 112. List the prime factors of u.
3
Let s = 11 - 3. List the prime factors of s.
2
Let r(w) = 10*w**2 + 22*w. Let k(a) be the second derivative of -7*a**4/12 - 5*a**3/2 + 2*a. Let n(p) = 7*k(p) + 5*r(p). What are the prime factors of n(-6)?
2, 3
List the prime factors of (5/15)/(2/372*2).
31
Let l be 4 - 2 - (0 - -1). List the prime factors of l/(-1 + 7/6).
2, 3
Suppose 1 + 14 = -3*f. Let y be 3*2/(-5)*f. Suppose -y*a + 2*a = -20. List the prime factors of a.
5
Let g(l) = l**3 + 3*l**2 + l - 2. Let n be g(-2). Suppose 0*a = -w + a + 18, n = w + a - 12. List the prime factors of w.
3, 5
Suppose 0*k - 10*k + 1020 = 0. What are the prime factors of k?
2, 3, 17
Suppose 3*v = 3*w - 6, -w + 3*w = -4*v + 16. Suppose 0 = 2*b + v*j - 5*j - 39, 2*b + j = 19. What are the prime factors of b?
2, 3
Let y(h) = -11*h - 2 + 1 - 46*h. Let l be y(-1). Suppose 5*i = 4*v + 46, -4*i = 5*v - l + 11. List the prime factors of i.
2, 5
Let y(x) = -x**2 - 10*x - 7. Let i be y(-9). Suppose 7*m - 5*m = -s - 2, -3*m - 24 = -i*s. What are the prime factors of s?
2, 3
Suppose -4*o = 19 - 183. What are the prime factors of o?
41
Let p = -41 - -3. Let z = -15 - p. List the prime factors of z.
23
Let g = -8 + 11. Let t(u) = 14*u**g - 2 - u + 3 + u**3. What are the prime factors of t(1)?
3, 5
Let x be 1/(0 - -1) - 0. Suppose 4*c - 55 = x. Suppose -2*h + g + c = 2*h, -h = 4*g + 5. List the prime factors of h.
3
Suppose -6*q - 258 = -7*q. What are the prime factors of q?
2, 3, 43
Let a = 25 + -7. What are the prime factors of 6/27 + 284/a?
2
Let h = 9 - 8. List the prime factors of (18 + -2)/(h*2).
2
Let z(s) = -s**2 + 28. List the prime factors of z(0).
2, 7
Let l = 8 + -4. Suppose 20 = l*i + 4*f, 3*f = -2*i + 3*i - 25. What are the prime factors of i?
2, 5
Let g = 8 + -2. Let q = g - -1. What are the prime factors of q?
7
Let j = 7 + -8. List the prime factors of 27*j/(-6)*8.
2, 3
Let z = -4 - -8. Suppose 0 = z*r - 4*w - 32, -4*w = r - 4 + 1. What are the prime factors of r?
7
Let n(x) = x**3 - 5*x**2 + 3*x. Suppose -3*c = 2*c - 25. Let g be n(c). Let t = g + -3. What are the prime factors of t?
2, 3
Let w be -4*(27/(-6) - -1). Let b(o) = -8 + w*o + 8. List the prime factors of b(1).
2, 7
Let n be (3/3)/((-2)/(-26)). List the prime factors of 2 + -5 + n - -1.
11
Let x = -1 + 3. Let g be 27/2*(-40)/(-30). Suppose 5*n + g = x*i, 3*i - 3*n = i + 18. List the prime factors of i.
3
Let f(n) = n + 30. What are the prime factors of f(0)?
2, 3, 5
List the prime factors of 0 - (-137 - -2 - 4/4).
2, 17
Let l(a) = 45*a**3 - a**2 + 2*a - 1. Let n = -18 - -19. What are the prime factors of l(n)?
3, 5
Let g be (-232)/(-5) - (-4)/(-10). Suppose c = 5*r - 3*c + g, -4*c + 26 = -3*r. Let n(v) = v**2 + 10*v + 2. List the prime factors of n(r).
2
Let z be (-1)/(-2)*50/1. Suppose z = 2*j - 5. What are the prime factors of j?
3, 5
Suppose -2*c + 94 = z, 3*z - 292 = c - 10. What are the prime factors of z?
2, 47
Suppose 3*u = 5*y - 3, 17 + 6 = 2*u + 5*y. Suppose -f + 5*l + 50 = 15, -3*f = -2*l - 131. Suppose -k = u*k - f. What are the prime factors of k?
3
Suppose 24 = c - w - 36, 5*c = -w + 306. What are the prime factors of c?
61
Let i = 521 + -244. What are the prime factors of i?
277
Let d = 41 - 36. List the prime factors of d.
5
Let a = -3 + 3. Suppose -3*x = -a*x - 39. List the prime factors of x.
13
Let f(t) = -16*t**3 - 7*t**2 + t + 4. What are the prime factors of f(-2)?
2, 3, 17
Suppose 0*n + 300 = 3*n. What are the prime factors of n?
2, 5
Let b be (-2 + 1)/((-1)/2). Suppose -3*v - b*v + 100 = 0. Let a = -10 + v. What are the prime factors of a?
2, 5
Suppose -u = 3*w - 5*u - 421, -u + 574 = 4*w. What are the prime factors of w?
11, 13
Let q(n) = n**3 + 4*n**2 - 8*n - 5. Suppose 5*o = 3 + 7. Suppose 0 = 4*j + 3*c + 8, 0 = 5*j + 2*c + o*c + 9. What are the prime factors of q(j)?
2, 5
Let u = 3 - 1. Let d(z) = z - 1. Let p be d(1). Suppose g = -1, -v + u*v + 3*g - 9 = p. List the prime factors of v.
2, 3
Suppose -4*p = a - 198, -2*p - a + 2*a = -102. What are the prime factors of p?
2, 5
List the prime factors of 12/(-9)*-402*(-2)/(-4).
2, 67
Let v(m) = 10*m**2 + 0 - 12*m + 4 - 3 - m**3. Let q be v(8). Let h = q + -21. List the prime factors of h.
2, 3
Suppose -6 = j - 22. List the prime factors of j.
2
Suppose 0 = -c + 4*c + 5*n - 26, 5*c + 2*n = 56. Let u = c + -8. Suppose -o + 23 = 3*o + g, 3*g - 29 = -u*o. What are the prime factors of o?
5
Suppose -r - 2*r + 6 = 0. Let v(h) = h**3 + 2*h**2 - 4*h + 1. Let n be v(-3). Suppose 0 = -q - 3*z - r*z + 35, -2*q = -n*z. List the prime factors of q.
2, 5
Let s(v) = -2*v - 5. Let o be s(-11). Let u = 3 + o. List the prime factors of u.
2, 5
Let f(y) = -21*y**3 - y**2 - 2*y - 2. Let h be f(-1). Let a be ((-6)/4)/(3/(-72)). Let i = a - h. List the prime factors of i.
2
Let p = 7 - 13. Let u = p - -8. List the prime factors of u.
2
Suppose -3*n - 876 = -9*n. What are the prime factors of n?
2, 73
Let i(s) = s**3 - 3*s**2 - s - 1. Let r be i(4). Let k(w) = 4*w + 2. Let u be k(-2). Let j = u + r. List the prime factors of j.
5
Let i(s) be the first derivative of s**4/4 + s**3 - s**2 + 2*s + 2. Let z be i(3). Suppose 5*w + r = z, 2*w + 20 = 4*w + 3*r. List the prime factors of w.
2, 5
Suppose -23 - 1 = -2*m. Suppose -2*i + 28 = 3*a, i = -3*a + m + 17. List the prime factors of 55/a + 2/4.
2, 3
Let o = 6 + -1. Suppose -o*c = -3*m - m + 1, -2*c = -2*m. Let g = 4 + c. What are the prime factors of g?
3
What are the prime factors of (3 - (4 - -1))*318/(-4)?
3, 53
Suppose r + 0*r + 5 = 0, -o = 4*r + 14. Let z(w) = 2*w - 9. What are the prime factors of z(o)?
3
Suppose z + 2 = 3*z. Suppose l + 3 = -2*t - z, -2*l = -8. List the prime factors of 4/(t/(-17)) - 1.
2
Let v(w) = -w**2 + 5*w + 5. Let p be v(6). What are the prime factors of 4 - 5 - 3/p?
2
What are the prime factors of 721/5 - 4/20?
2, 3
Let o(i) = -i + 5. Let h be o(0). Suppose -h*w = -3*w + 10. Let x = 11 + w. List the prime factors of x.
2, 3
List the prime factors of (-290)/(-30) + (-2)/(-6).
2, 5
Suppose -2*d + 4*b + 32 = -0*d, -3*d = 5*b - 92. List the prime factors of d.
2, 3
Suppose -88 = -4*u - 0*u. What are the prime factors of u?
2, 11
Let d(m) = -8*m + 22. List the prime factors of d(-3).
2, 23
Let b = -17 + 41. Let d be b/10 + 2/(-5). List the prime factors of ((-2)/d - -2)*4.
2
Let u(a) = a**2 + 5*a + 2. Let j = 3 - 5. Let h be u(j). What are the prime factors of h/(-10)*(-1 - -31)?
2, 3
Let z(w) = -6*w + 2*w + 3*w + 7 + w**2 - 4*w. What are the prime factors of z(6)?
13
What are the prime factors of (-2 - 152/(-28))/((-2)/(-77))?
2, 3, 11
Let x = 32 + -25. What are the prime factors of x?
7
Suppose 1 = -3*f + 55. Let m = f - 8. List the prime factors of m.
2, 5
Let a(m) = m**2 + 4*m - 38. Let p be a(-7). Let d be (-1)/(-4) + (-242)/8. Let q = p - d. List the prime factors of q.
13
Suppose -2*j + 34 = -364. List the prime factors of j.
199
Let m be (-2)/(3/12*-2). Suppose 19 + 41 = m*r. What are the prime factors of r?
3, 5
Suppose 2*p - p = -18. Let l be p/(-5) - (-6)/15. List the prime factors of ((-2)/(-3))/(l/30).
5
Suppose 3*q + 7*f + 19 = 2*f, -4*f - 20 = 0. Suppose -l - 2 = l. What are the prime factors of (0 + q)/(l/(-8))?
2
Suppose 4*h - 40 = -4*c, 0 = -6*c + 3*c + 4*h - 5. Let b = 10 - c. Suppose -3*a + 5 = b*y, -a - 3*y = -y. List the prime factors of a.
2, 5
Suppose 6*s + 6 = 60. List the prime factors of s.
3
Suppose -8 + 17 = -3*y. What are the prime factors of 2420/50 - y/5?
7
Let i(s) = -18 + s**2 - 11 + 31 - 3*s. What are the prime factors of i(6)?
2, 5
Suppose 0 = -5*c + 3*s + 280, -4*c + 4*s + 280 = c. List the prime factors of c.
2, 7
Let m(k) = 2*k**2 + 3*k - 5. Let w be m(-4). Suppose -3*n = -2*n - w. What are the prime factors of n?
3, 5
Let p(q) be the first derivative of 17*q**3/3 + 4. List the prime factors of p(1).
17
Suppose -8*g + 110 = -3*g. List the prime factors of g.
2, 11
Let c(x) = 19*x + 2. List the prime factors of c(3).
59
Let v(q) = 14*q**2 + 3*q. What are the prime factors of v(-2)?
2, 5
Let x be 2*2/4 + 15. Suppose 44 = h + 4*h - s, 4*s = -4*h + x. Suppose 0*g + h = g